523533
In base 15, what is -1d2024 - 3?
-1d2027
In base 15, what is 361 - 6c8?
-367
In base 7, what is 211624 + -23?
211601
In base 14, what is -171acb + -17?
-171b04
In base 4, what is 1000331322130 - 3?
1000331322121
In base 14, what is da3a46 + -1?
da3a45
In base 9, what is -105 - -316523?
316417
In base 14, what is -2199 - -448?
-1b51
In base 16, what is -40 + 1107076?
1107036
In base 8, what is -7 - 75763061?
-75763070
In base 4, what is 131322002 - 10032?
131311310
In base 14, what is -acad - -a1?
-ac0c
In base 14, what is a0 - -cb88?
cc48
In base 7, what is -52401122 - 1?
-52401123
In base 7, what is 32 - 4240125?
-4240063
In base 6, what is -132455353 - -1013?
-132454340
In base 5, what is -21 - 42432344?
-42432420
In base 3, what is -111211122212021 + -11?
-111211122212102
In base 8, what is 152640721 - -42?
152640763
In base 11, what is -20 - -334a98?
334a78
In base 7, what is -2234 - 5116?
-10353
In base 16, what is 3d0f - 50?
3cbf
In base 2, what is -101000 - 1000101011110001011?
-1000101011110110011
In base 6, what is 13250300 - 123?
13250133
In base 2, what is -111101111110 - 110010100110001?
-111010010101111
In base 16, what is -109c3e + -49?
-109c87
In base 6, what is -135 + 11445415?
11445240
In base 12, what is -1b4495 + -16?
-1b44ab
In base 3, what is -10022 + -11100020121?
-11100100220
In base 8, what is -102302757 - 6?
-102302765
In base 8, what is 3 + -75430?
-75425
In base 11, what is 2a39 + -19969?
-16a30
In base 9, what is 50725617 - 3?
50725614
In base 14, what is 8088c910 + -4?
8088c90a
In base 16, what is -4 - -2fa599e?
2fa599a
In base 5, what is 33 - 11340113?
-11340030
In base 11, what is 41a2 + 40a7a?
45171
In base 10, what is 140522866 - -5?
140522871
In base 12, what is -164b - 1aa39?
-20488
In base 9, what is 2 - -7572353?
7572355
In base 12, what is 5947b + -58b?
58ab0
In base 5, what is 13202022013 - -3?
13202022021
In base 12, what is 978295 - -4?
978299
In base 9, what is 210 - -53773?
54083
In base 2, what is -1 + -100000111110100000010?
-100000111110100000011
In base 16, what is 4 + -8debc2?
-8debbe
In base 5, what is -102104434 - 30?
-102110014
In base 11, what is -899379 - 180?
-899549
In base 13, what is 4603ba - 6b?
46034c
In base 14, what is 8cb74ac1 - 1?
8cb74ac0
In base 15, what is -4ddcb4 - -1?
-4ddcb3
In base 12, what is 19b + -16a75?
-16896
In base 3, what is 200021 + -1201110202?
-1200210111
In base 6, what is 45251 + 40524?
130215
In base 11, what is 8167 + -2580?
5697
In base 3, what is 20012 + 20102210021?
20110000110
In base 8, what is 72164 + 115?
72301
In base 16, what is 4a93e - 3f?
4a8ff
In base 14, what is -2 + -27ac02?
-27ac04
In base 6, what is 1503 + -11003431?
-11001524
In base 8, what is -71073 + 2627?
-66244
In base 10, what is -3305 - -89839?
86534
In base 4, what is 300 - -210321030?
210321330
In base 12, what is 20 - -598072?
598092
In base 12, what is -64783386 + -5?
-6478338b
In base 8, what is -52123177 + 2?
-52123175
In base 2, what is -11 + -1010101100010000111101?
-1010101100010001000000
In base 14, what is -14d6664 + 4?
-14d6660
In base 12, what is 3 + -9865b5?
-9865b2
In base 2, what is 10 + -10100010101111110111110?
-10100010101111110111100
In base 2, what is -10010011001111100 - 10100000100101?
-10100111010100001
In base 2, what is 1110 + 11000010110010010?
11000010110100000
In base 12, what is 6a52 - -301?
7153
In base 16, what is -2b - -3682a?
367ff
In base 16, what is -649d + -10c?
-65a9
In base 3, what is 21 - -12021021111120?
12021021111211
In base 5, what is -443 - -13322424?
13321431
In base 6, what is 0 - 155000520?
-155000520
In base 11, what is -3 + -139367a?
-1393682
In base 13, what is -49a389 - -120?
-49a269
In base 3, what is -10202122012200 + -1021?
-10202122020221
In base 10, what is 53422651 + 2?
53422653
In base 6, what is 11 + -535253024?
-535253013
In base 15, what is -86e233d - -5?
-86e2338
In base 2, what is -11 - 1010001101010100101001?
-1010001101010100101100
In base 7, what is 156302 + 46235?
235540
In base 2, what is 1111100011100 - 110111000101111?
-100111100010011
In base 7, what is 6063 + 63010?
102103
In base 7, what is 343326662 - -46?
343330041
In base 11, what is -3 - -39516211?
39516209
In base 6, what is 404350 - 4452?
355454
In base 8, what is -3352 - -10744?
5372
In base 8, what is 26711112412 - 4?
26711112406
In base 5, what is 11442413 - -311?
11443224
In base 6, what is 10 - 33235240?
-33235230
In base 2, what is -101110110110100000100 - 10011?
-101110110110100010111
In base 7, what is 4 + -1520561215?
-1520561211
In base 12, what is 0 + 14aa1749?
14aa1749
In base 8, what is 3 + -503012520?
-503012515
In base 7, what is -50426634 - 504?
-50430441
In base 13, what is 1393876 + a?
1393883
In base 3, what is -10 + 12110222211000?
12110222210220
In base 5, what is -34203244 + 1014?
-34202230
In base 9, what is 10722053 + -13?
10722040
In base 8, what is -52555 - 52553?
-125330
In base 8, what is -3 - -3374541254?
3374541251
In base 6, what is 3255340445 + -2?
3255340443
In base 2, what is -111111011010011011010011 - 111?
-111111011010011011011010
In base 14, what is -6d96c - a?
-6d978
In base 4, what is 2122031023231 + 3?
2122031023300
In base 7, what is -53 - -32115660?
32115604
In base 14, what is d312 - -77d?
da91
In base 7, what is 2245 + -564342?
-562064
In base 16, what is 156 + 739?
88f
In base 11, what is 8514 - -343?
8857
In base 4, what is -13 - -23022333222?
23022333203
In base 8, what is 2 - 230415626?
-230415624
In base 4, what is 3001022312 - -13223?
3001102201
In base 11, what is -2 - 51a09?
-51a10
In base 11, what is -389 - -403?
25
In base 4, what is -1 + -3303233031?
-3303233032
In base 8, what is 334 + 2007433?
2007767
In base 2, what is -100111111100 - 11010101?
-101011010001
In base 4, what is 1202101320 + -132?
1202101122
In base 3, what is 121022221121 + 2102?
121100001000
In base 10, what is 64169407 + -4?
64169403
In base 10, what is 1606754 - 4?
1606750
In base 9, what is -5 + 8417368?
8417363
In base 13, what is 123452 - c?
123443
In base 8, what is -52107 - 12?
-52121
In base 15, what is b5e29 + 22?
b5e4b
In base 7, what is -21221004 - -36?
-21220635
In base 6, what is -15105132 - -101?
-15105031
In base 14, what is -15a717 + -14?
-15a72b
In base 12, what is 180 + 2703?
2883
In base 11, what is 331 - -31938?
32169
In base 16, what is f9 - -e062c?
e0725
In base 6, what is 2 + 15203134?
15203140
In base 13, what is -60 + -2a91522?
-2a91582
In base 7, what is -16 - 631651?
-632000
In base 14, what is -5 + aa9a4c9?
aa9a4c4
In base 10, what is 1150814 - -18?
1150832
In base 14, what is 3 - a1d4c8?
-a1d4c5
In base 6, what is 4141424 + -22010?
4115414
In base 7, what is 15051 + 341654?
360035
In base 15, what is -cd911a - 0?
-cd911a
In base 10, what is -209 + -19636?
-19845
In base 16, what is -3 - -1c991e?
1c991b
In base 3, what is 111100001 - 220210?
110102021
In base 3, what is -122100112101 - 122?
-122100120000
In base 7, what is -115 + -550646?
-551064
In base 3, what is 10121 - 11202102222?
-11202022101
In base 11, what is -3 - 107192?
-107195
In base 6, what is 3 - -4534010302?
4534010305
In base 15, what is d74 + -28b1?
-1a3c
In base 7, what is -3254243 + 4?
-3254236
In base 13, what is -875052 + -2?
-875054
In base 13, what is a7aa + -544?
a266
In base 4, what is 2322 + -1202210212?
-1202201230
In base 5, what is 3422434131 + 1?
3422434132
In base 8, what is -5 + -10027137?
-10027144
In base 15, what is -8d4ba1 - -8?
-8d4b98
In base 16, what is -1e3d51 + -5?
-1e3d56
In base 15, what is 4 + 55b3624?
55b3628
In base 5, what is -2 + 41014113231?
41014113224
In base 5, what is 3441 - 413244?
-404303
In base 7, what is 5 + -3243262446?
-3243262441
In base 15, what is bec4 - bb9?
b30a
In base 13, what is 1b7c714 - -3?
1b7c717
In base 11, what is -210 + 29099?
28989
In base 16, what is 202014 - -2?
202016
In base 12, what is 5831b6 + -21?
583195
In base 14, what is -143c799 + 6?
-143c793
In base 9, what is -4075 + -86?
-4172
In base 14, what is 6a3 - -16a08?
172ab
In base 13, what is 9122 - -269?
938b
In base 6, what is 134244222 - 302?
134243520
In base 5, what is 231313 - -1241211?
2023024
In base 10, what is 6490 - 2353?
4137
In base 5, what is -12 + -2042424402?
-2042424414
In base 16, what is -176 